= 7*x. Suppose -q - 3*q = 5*h - 61, -14 = -q - h. What is the remainder when w(5) is divided by q?
8
Suppose 9 = -10*t + 99. What is the remainder when 44 is divided by t?
8
Suppose 0 = -5*i + 3*i + 70. What is the remainder when 67 is divided by i?
32
Suppose 3*v - 7*f = -3*f + 7, 5*v = -2*f + 3. Let l(j) = -j. Suppose -20 = 3*n + 2*n + 3*g, -2*g - 5 = -5*n. Calculate the remainder when l(n) is divided by v.
0
Let h(k) = -2*k**2 + 39*k + 35. Let v(g) = -21*g. Let q be v(1). Let x = 78 + q. Calculate the remainder when x is divided by h(20).
12
Let k = 16 - 11. Suppose -5*p + 0*p = -25. Suppose c - 11 = 2*l + 1, p*c - 48 = 4*l. Calculate the remainder when c is divided by k.
3
Let j = 26 + 37. Calculate the remainder when j is divided by 16.
15
Suppose 0 = 5*k - 3 - 77. Calculate the remainder when 61 is divided by k.
13
Suppose -w = -5*w + 28. Let d(h) = 8*h**2 - h + 1. Let p be d(1). Calculate the remainder when 18/(-1)*p/(-12) is divided by w.
5
Let i(y) = 4*y**2 - y**2 + 2 - 2*y**2 - 3*y**3. Let o be i(2). Let w = o + 25. Calculate the remainder when 13 is divided by w.
6
Let b(l) = l**3 + 6*l**2 + 6*l + 4. Let w be b(-5). What is the remainder when 13 is divided by (-2 + w)/(21/(-28))?
1
Let h = 367 - 303. Suppose -v + 25 + 8 = 0. What is the remainder when h is divided by v?
31
Let s(a) = 11*a**2 + 3*a - 11. Let z(t) = -4*t**2 - t + 4. Let o = 4 - -4. Let u(i) = o*z(i) + 3*s(i). Calculate the remainder when u(5) is divided by 15.
14
Let d(l) = 97*l**2 + 1. What is the remainder when d(1) is divided by 33?
32
What is the remainder when (3 - -21) + -2 + -3 is divided by 11?
8
Calculate the remainder when 1/((-777)/(-387) + 2*-1) is divided by 33.
30
Suppose -n = 3*n. Suppose -5*i = 15, 3*r - 57 = -n*r + i. What is the remainder when 33 is divided by r?
15
Let m be (6/(-10))/(3/(-15)). Let j(h) = h**3 - 4*h**2 + 2*h + 3. Let k be j(m). Suppose k = 2*x - 8 - 10. What is the remainder when 26 is divided by x?
8
Let d(v) = v**2 + 4*v + 3. Let l be d(-3). Suppose -4*h + 2*b + 14 = l, -3*h + 0*b = -3*b - 3. Let s = 7 - -9. Calculate the remainder when s is divided by h.
4
Let p(a) = 4*a**2 + a + 1. Suppose -j - 38 = 4*i, -2*j - 29 = -4*i + 23. What is the remainder when (j/9)/1*-3 is divided by p(-1)?
2
Suppose -4*q = -9*q - 120. Let y = 5 - 21. Let g = y - q. What is the remainder when 21 is divided by g?
5
Let y(v) = -v**2 + 10*v - 8. Let o be (-2)/(-5) - (-17)/(-5). Let z be 2 - 18/(9/o). Calculate the remainder when 15 is divided by y(z).
7
Suppose m - 15 = 2*m + 2*x, 4*x + 17 = -m. Let p = m - -19. What is the remainder when 22 is divided by p?
4
Suppose 5*i - 99 = -4. Suppose -5*v = 15, -s + 72 = -v - 6. Calculate the remainder when s is divided by i.
18
Let f(w) = -4 + 0*w**2 + 5 + 8*w**2 - 3*w - 3 - w**3. Calculate the remainder when f(5) is divided by 20.
18
Let f(w) = w**3 - w - 6. Suppose 0 = 3*x + 3*l - 24, -2*x = -6*x + l + 7. Calculate the remainder when f(x) is divided by 10.
8
Suppose 36 = 6*a - 18. Calculate the remainder when 35 is divided by a.
8
Let w = 54 - 12. What is the remainder when w is divided by 16?
10
Let n = -1 - 2. Calculate the remainder when (-22)/3*(0 + n) is divided by -2 + (2 - -9) + -1.
6
Let j = -22 - -79. Calculate the remainder when j is divided by 30.
27
Suppose -m = o - 20, 3*o + o = 4*m - 48. Let x = 18 + -13. Suppose -r + x*r = 184. What is the remainder when r is divided by m?
14
Let c = -14 - -19. Suppose -44 = -5*z - 0*z - l, -3*l + 52 = c*z. What is the remainder when 14 is divided by z?
6
Let i = 101 - 7. What is the remainder when i is divided by 24?
22
Let w be 2*(-1 + 0/1). Let b be w/(-5) + 92/(-5). What is the remainder when 21 is divided by -2*(b/4 - 1)?
10
Let u = 34 - 2. Let b = 52 - u. Suppose 15 = 5*a + 5*g, a + 2*g + 0 + 1 = 0. Calculate the remainder when b is divided by a.
6
Let u(g) = g**3 + 6*g**2 + 4*g + 2. Let l be u(-5). Let x = 37 - 19. What is the remainder when x is divided by 1*l/(21/30)?
8
Let t = 45 + -24. Let z be (-8)/(-10)*(-10)/(-4). Suppose z*o - t = -o. What is the remainder when 19 is divided by o?
5
Suppose 7 - 1 = 2*t. Suppose -2*o - o + 36 = 2*r, -5*o + t*r + 60 = 0. What is the remainder when 23 is divided by o?
11
Calculate the remainder when (-4)/8 - (-1 + (-526)/4) is divided by 15.
12
Let f be (3/(-2))/(1/78). Let g = f - -170. What is the remainder when g is divided by 14?
11
Let u(b) = -b**3 - 6*b**2 - 7*b - 4. Let v = 27 + -12. Calculate the remainder when v is divided by u(-5).
3
Suppose 9*p - 19*p = -130. What is the remainder when 38 is divided by p?
12
Suppose -2*a + 0*a + 202 = 2*y, -2*a - 3*y + 198 = 0. What is the remainder when a is divided by 23?
13
Let s = -185 + 193. Let b(g) = -g**3 - g**2 - g + 14. Let t be b(0). Suppose -2*x - t = -42. What is the remainder when x is divided by s?
6
Suppose 5*t = -15, 4*w - 6 = w - t. Suppose -w = 3*o, 2*d - 7*d - o = -14. Calculate the remainder when 5 is divided by d.
2
Let n = 79 + -51. Calculate the remainder when n is divided by 15.
13
Suppose -2*c - 6 = -38. Suppose 0 = y + 14 + 4. Calculate the remainder when (-80)/6*y/8 is divided by c.
14
Calculate the remainder when 2/2*(49/(-7) + 60) is divided by 8.
5
Let d(i) = i**3 - 8*i**2 - i + 3. Suppose 2*h - 11 - 23 = -3*n, -49 = -3*n - 5*h. Let l be d(n). Let c = -1 - l. What is the remainder when 5 is divided by c?
1
Let k = 3 + 3. Suppose k*f - 9 = 3*f. Suppose 0 = 5*c - 23 + f. What is the remainder when 10 is divided by c?
2
Let f = -2 + 18. What is the remainder when f is divided by 6?
4
Let w(j) = j**3 + 3*j**2 - 5*j - 2. Let i be (-1)/4 + 5/4. What is the remainder when (1/1)/(i/25) is divided by w(-3)?
12
Suppose -l = -5*l + 416. Suppose d + 3*d - l = 0. Let z = 26 + -17. What is the remainder when d is divided by z?
8
Let v(q) = 6*q - 3. Let i = 21 + -6. Calculate the remainder when i is divided by v(2).
6
Let n(b) = 45*b + 5. Calculate the remainder when n(1) is divided by 28.
22
Suppose -3*m + 5*o - 15 = 2*m, 0 = -o. What is the remainder when (-1 + -1)*(-3)/6 is divided by 0 + 1/(-3)*m?
0
Let w = -105 + 174. Let s(u) = -u**3 + 6*u**2 + 2*u + 2. Calculate the remainder when w is divided by s(6).
13
Let p = -56 + 91. Suppose 4*j - 5*c = 21, 2*j = -5*c + 25 + 8. What is the remainder when p is divided by j?
8
Let n be (-3 - -17)/(2/(-13)). Calculate the remainder when 32 is divided by 14/n - (-290)/26.
10
Suppose 21*a - 22*a = -14. What is the remainder when a is divided by 6?
2
Let p = 142 - 119. What is the remainder when 44 is divided by p?
21
Let m = 5 + 12. Suppose -3*d - 200 = -x - 69, -3*d = -5*x + 115. Let w = d + 77. What is the remainder when w is divided by m?
15
Let q(l) = l**3 + 3*l**2 - 5*l + 1. What is the remainder when 20 is divided by q(2)?
9
Let q(n) = n**2 - n + 24. Let k be q(0). Suppose -4*r - 3*a + 7 = 0, -k = -4*r + r + 4*a. What is the remainder when (-3 + -1)*(-5)/2 is divided by r?
2
Suppose -8*l + 75 + 149 = 0. Calculate the remainder when 80 is divided by l.
24
Let y be 24 - (-1)/(-2)*4. Suppose 5*n + y = a + 2*n, -12 = -a + n. Calculate the remainder when (1 + -2)*1 - -20 is divided by a.
5
Let h(j) = j**2 + 7*j + 13. Calculate the remainder when 121 is divided by h(-9).
28
Let m(v) = -6*v. Let g(s) = 5*s**3 + s**2 + s. Let t = -7 + 6. Let d be g(t). Calculate the remainder when m(d) is divided by 16.
14
Let a = -65 - -80. Calculate the remainder when 44 is divided by a.
14
Suppose -58 = -0*j - 2*j. Let k(m) = -m**2 - 6*m - 6. Let q be k(-6). What is the remainder when j is divided by 206/14 - q/21?
14
Let l(w) = 2*w. Let j = -10 - -13. Calculate the remainder when l(2) is divided by j.
1
Suppose g = 3 + 3. Let a be ((-3 - -6)/3)/1. Let k = 5 - a. Calculate the remainder when g is divided by k.
2
Suppose -3*a - 7 - 8 = 0, -4*z - 22 = -2*a. Let v = z - -33. What is the remainder when v is divided by 9?
7
Let v(j) be the second derivative of j**3/6 + 6*j. Suppose 0*l - 5*c - 6 = -2*l, 2*l = -c + 6. What is the remainder when 8 is divided by v(l)?
2
Let a be (-2 - 1) + 9 + 0. Let r(w) = 4*w - w**3 + 3*w + 2 + 0*w**3 - a*w**2. Calculate the remainder when 4 is divided by r(-7).
0
Suppose 0 = -2*d + 3 + 1. What is the remainder when 6 is divided by d?
0
Let t = 17 + -25. Let i = t - -13. What is the remainder when i 